 of h?
2
Let j = -28 + 15. Let x = j - -15. Suppose o = x*o - 56. List the prime factors of o.
2, 7
Let p(m) = m**2 + 3*m + 61. List the prime factors of p(-6).
79
Let v(h) = 6*h**2 + 2*h + 2. Let z be v(7). Suppose -z = -4*f - f. Suppose -5*x = -f - 3. List the prime factors of x.
13
Let v(n) be the first derivative of n**3/3 - 7*n**2/2 + 47*n + 37. What are the prime factors of v(19)?
5, 11
Suppose 3*f + 15 = -3*y, 13 = 4*f - 3*y - 2. Suppose f = -3*q - 2*q + 220. Suppose -g + 2*x = -2*x - q, 2*g - 5*x = 73. List the prime factors of g.
2, 3
Let o(t) = -5*t**2 + 7*t - 15. Let s be o(6). List the prime factors of ((-2)/(-6))/((-1)/s).
3, 17
Let q = -416 + 995. Suppose 237 = 8*x - q. Let m = 173 - x. List the prime factors of m.
71
Let z(j) = -j**2 + 8*j - 7. Suppose -5*v = -21 - 9. Let s be z(v). Suppose -5*k = -s*t + 25, 0*k - 3*k = -2*t + 6. What are the prime factors of t?
3
Suppose -3*y = 14*y - 5508. List the prime factors of y.
2, 3
Suppose -2682 = 17*l - 897. Let g = l - -189. List the prime factors of g.
2, 3, 7
Let i(k) = -27*k - 69. List the prime factors of i(-30).
3, 13, 19
Suppose 0 = -6*m - 1 + 13. Suppose 5*a + 48 = m*n + 3*a, -12 = -3*a. What are the prime factors of n?
2, 7
Suppose -4*r + 1146 = -2*r - 3*c, 4*c = -5*r + 2819. What are the prime factors of r?
3, 7
Let v(k) = -k**3 - 4*k**2 - k - 4. Let u be v(-3). Let x be (-2)/u - 28/(-35). Let h = x - -5. What are the prime factors of h?
2, 3
Let z be 195/(-18) + 2/(-12). Let h = z + 14. Suppose t = 2*n - 8, -t + 4 + 13 = h*n. What are the prime factors of n?
5
Let v = 3662 + -2173. List the prime factors of v.
1489
Let u(t) = -106*t - 103. What are the prime factors of u(-13)?
3, 5, 17
Let o(d) = d**2 - 18*d + 158. List the prime factors of o(-21).
977
Suppose 9*k - 539 = 2*k. Suppose 5*x - 3*w - k = 0, x - 3*w - 14 + 1 = 0. List the prime factors of x.
2
Suppose 0 = 7*i - 4*i - 1548. List the prime factors of i.
2, 3, 43
Let c = -21 + 25. Let k = 73 - c. List the prime factors of k.
3, 23
Let m(q) = 28*q**2 + q - 1. Let z be m(-1). What are the prime factors of z/(-13) - -55*1?
53
Suppose 81523 + 22373 = 27*j. What are the prime factors of j?
2, 13, 37
Suppose 6*y = 148 - 112. Let v(p) = -2*p - 4*p**2 - 1 + p**3 - p**2 + 8. List the prime factors of v(y).
31
Let k(z) = -z**2 + 0 + 3*z - 9 + 12*z. List the prime factors of k(10).
41
Let g be 10 + 3*(-4)/3. Let q = g + -1. Let r = q + 39. What are the prime factors of r?
2, 11
Suppose -3*i = -4*s + 2133, 520 = s + 4*i - 37. What are the prime factors of s?
3, 179
Suppose -2930 = -4*x - 1182. What are the prime factors of x?
19, 23
Let h = 661 - 354. Let z = 531 - h. List the prime factors of z.
2, 7
Let x be (2/4)/(28/24 + -1). Suppose 3*k = 3*s - 312, -x*s - s + 395 = 3*k. List the prime factors of s.
101
Let a(r) = 3*r**3 + 7*r**2 - 21*r - 8. List the prime factors of a(6).
2, 383
Let y be 1167/(-27) + (-8)/(-36). Let s = y + 73. List the prime factors of s.
2, 3, 5
Let h(j) = j - 2. Suppose t - 3 - 5 = 0. Let y be h(t). Let w = 2 + y. List the prime factors of w.
2
Suppose -5*l + 25 = 0, 12*l - 7*l = -4*f + 25. Let k(y) = 23*y**2. Let d be k(1). Let v = f + d. What are the prime factors of v?
23
Suppose 15 = 5*r, -33*h + 1742 = -32*h - 4*r. What are the prime factors of h?
2, 877
Let y(p) = 6*p**3 + 6*p**2 - 17*p + 18. What are the prime factors of y(5)?
7, 17
Suppose 59 = 3*a - 85. Suppose -m - 3*i + 28 = -4, 2*m - 59 = -i. Let d = a - m. List the prime factors of d.
19
Let f = -62 - 10. Let i = 132 + f. List the prime factors of i.
2, 3, 5
Suppose 4*y = 2*b + 385 + 113, 2*y - 4*b - 240 = 0. What are the prime factors of y?
2, 3, 7
What are the prime factors of ((-21)/(-28) - (-922)/(-24))*-3?
113
Let s be 6/(15/(-10)*(2 + -3)). Suppose -4*o + q = -118, -q + 82 = s*o - 40. List the prime factors of o.
2, 3, 5
Suppose 3*m = -3*s + 6*m - 27, 2 = -m. Let c = s - 7. Let r = c - -23. What are the prime factors of r?
5
Let g = -16 + 16. Let r be 2 + g + 7 + -5. Let i = r - 1. What are the prime factors of i?
3
Suppose d - 14 = 4*o + 85, 0 = 5*o + 5*d + 130. Let x = -23 - o. Suppose 3*i = -x*i + 320. What are the prime factors of i?
2
Suppose -3*c + 5*f - 4 = 0, -4*f - 8 = 4*c - 24. List the prime factors of 145/10 - (3/c + -2).
3, 5
Let q(z) = -z + 3. Let i be q(1). Suppose 236 = 5*m - 4*o, 3*m - i*o + 5 - 147 = 0. List the prime factors of m.
2, 3
Suppose 2*j - s = 22, -2*s - 59 = -3*j - 24. Let u(a) = -a**2 + 10*a - 5. Let h be u(j). Suppose 0 = h*o - 4 - 28. What are the prime factors of o?
2
Let i = 1325 - 523. What are the prime factors of i?
2, 401
What are the prime factors of 4/(-6)*-219 + 2 + 1?
149
Let n(r) = r**3 + 16*r**2 - 18*r + 5. Let j = -57 + 40. What are the prime factors of n(j)?
2, 11
Let h(n) = 10*n**3 + 30*n**2 + 4*n - 10. Let i(w) = 7*w**3 + 20*w**2 + 3*w - 7. Let f(t) = 5*h(t) - 7*i(t). List the prime factors of f(-10).
3
Suppose -u - 30 = -6*u. Let v(q) = 6*q - 18. What are the prime factors of v(u)?
2, 3
Let l(k) = -8 + 7*k - 4*k + k**2 - 4 + 1. List the prime factors of l(12).
13
Let z(r) = -3*r - 5. Let c(x) = 14*x + 26. Let v(k) = -2*c(k) - 11*z(k). Suppose s - 2*n = 2, 5*s - n - n - 18 = 0. List the prime factors of v(s).
23
Let s be ((-35)/15)/(1/9). Let y = s + 53. What are the prime factors of y?
2
Let r be (26/8)/(1/4). Let z = -10 + r. Suppose z*w = 69 - 12. What are the prime factors of w?
19
Suppose -3*x = -u + 2264, -5*x - 4406 = -3*u + 2394. List the prime factors of u.
2, 5, 227
Let y = -16 + 19. Suppose -4*g - q = -12, -g + q - 3*q + 3 = 0. Suppose 27 = a - g*h, 6 = -3*a + y*h + 57. What are the prime factors of a?
2, 3
Suppose 6*h = 789 + 1545. What are the prime factors of h?
389
Suppose 0*l = -3*l + 4*h + 18, 2*l = 3*h + 13. Suppose l*d = -2*q + 93 + 105, -368 = -4*q + 3*d. List the prime factors of q.
5, 19
Let p(u) = -2*u**3 - 47*u**2 - 52*u + 100. List the prime factors of p(-25).
5, 131
Let m(q) = -q**3 + 15*q**2 + 6*q + 26. Let t be m(16). Let r = t + 266. List the prime factors of r.
2, 3, 11
Let g(k) = 2*k + 5. Let r(a) = -a + 4. Let s be r(6). Let b be 56/4 + (-4 - s). What are the prime factors of g(b)?
29
List the prime factors of (3/(-12))/((-6)/(-88632)*-3).
1231
Let y(s) = s**2 + 2*s + 1. Let z be y(-3). Suppose 2*t = -z*d - 42, -11 + 1 = 2*t. What are the prime factors of 4/d - (-49)/2?
2, 3
Let z(j) = -9*j**3 - 7*j**2 - 3*j + 6. What are the prime factors of z(-4)?
2, 241
Let w be 1*(-121 - (-6 - -3)). Let b = 214 + w. List the prime factors of b.
2, 3
Suppose 4*d + 52 = -3*m, -2*m - 5 = 4*d + 43. Let a(z) = -z**2 - 24*z - 25. What are the prime factors of a(d)?
5, 23
Let m = 1178 - 410. What are the prime factors of m?
2, 3
Suppose n + 3 = -p, 0 = -3*n + 4*n + 3*p - 5. Let h(z) = -z. List the prime factors of h(n).
7
Suppose -12 + 2 = -2*a - i, 0 = 5*a - 4*i - 51. Let u(q) = -a*q + 11*q - 2 - 4 + 5. List the prime factors of u(7).
3
Let c = -6 + 0. Let v = 8 + c. Suppose -3*b + 8 = v. What are the prime factors of b?
2
Let a(f) = 18*f + 4. Let b = 24 + -22. Let m be a(b). Suppose 0 = -2*t - 2*t + m. What are the prime factors of t?
2, 5
Let x(a) = -a**3 + 2*a + 3. Let h be (-1)/(2/(-2))*(4 - 4). What are the prime factors of x(h)?
3
Suppose c - 8690 = -2*p, 0 = 44*c - 48*c + 8. What are the prime factors of p?
2, 3, 181
Suppose 0*u = u + 3*s - 152, -s = -2*u + 283. Let y be u/5 - (-3)/(-5). List the prime factors of 58/14 + (-4)/y.
2
Suppose -4674 = -32*c + 36382. What are the prime factors of c?
1283
Suppose 2*v = -3*l - 0*l + 1870, 5*v + 2*l = 4697. List the prime factors of v.
941
Let d(a) = -a**2 + 22*a - 36. List the prime factors of d(17).
7
List the prime factors of (-1480)/16*36/(-10)*1.
3, 37
Suppose 5*u - 620 + 195 = -5*y, 4*u + 8 = 0. Suppose 4*j = 161 + y. List the prime factors of j.
2, 31
Suppose -v - 12 + 21 = 0. Suppose 0 = -v*j + 1418 - 5. List the prime factors of j.
157
Suppose 26 + 50 = 2*y. What are the prime factors of y - 9/(45/(-20))?
2, 3, 7
Let c be ((-8)/(-4))/(-2) - 652/(-4). Suppose -c = -4*j - j - 3*o, 12 = 3*o. What are the prime factors of j?
2, 3, 5
Let z(k) = 3758*k**2 - 6*k - 7. What are the prime factors of z(-1)?
13, 17
Let j(x) = -x**3 + 4*x**2 + 2*x - 3. Let h be j(4). Let d be 299/65 + (-3)/h. Suppose w + 3*p - 38 = -0*w, -